s digit of n(x)?
5
Let h(v) = -2*v**2 + 17*v - 2. Let w(u) = 3*u**2 - 25*u + 3. Let m(f) = 7*h(f) + 5*w(f). Let o = 9 - 2. What is the units digit of m(o)?
8
Let c = 78 - 20. What is the units digit of c?
8
Suppose -3*f + 295 = 2*f. What is the tens digit of f?
5
Let k be ((-79)/3)/(2/(-6)). Let r = k + -34. What is the tens digit of r?
4
Suppose 0 = 2*b + 5*c + 20, 0 = -3*b - 4*c + 3*c - 4. Let n(m) = m + 22. Let a be n(b). Suppose s - a = -s. What is the tens digit of s?
1
Let i = -18 + 26. What is the units digit of i?
8
Let j(p) = p**2 + p - 3. What is the units digit of j(-5)?
7
Suppose 0*c - 50 = -2*c. Suppose -4*j - 3*m = -8, -2*j - j + m + 19 = 0. Suppose 2*i - c = -j*o, 2*i + 0*o + 3*o - 19 = 0. What is the units digit of i?
5
Suppose 0 = 2*q - 5*q + 216. What is the tens digit of q?
7
Suppose 4*y - 6 = y. Suppose 0*i - 16 = y*i. Let b = i + 19. What is the units digit of b?
1
Suppose 0*m - 3*m = -108. Suppose i = -i + m. What is the units digit of i?
8
Suppose 2*h + 1 + 9 = 0. Let n be (-15)/(-20)*(-1 - h). Suppose g + n = -0, 3*z + 2*g = 9. What is the units digit of z?
5
Suppose 2*o - 100 + 8 = 0. Let u = o - 15. What is the tens digit of u?
3
Let b(z) = -5*z**2 + 2*z + 4. Let q be b(5). Let m be q/(-9) + 2/3. Let l = m - 5. What is the units digit of l?
8
Suppose 6*t - 51 = -f + 3*t, 0 = -2*t + 2. What is the tens digit of f?
4
Suppose n = -6*n + 273. What is the units digit of n?
9
What is the units digit of (-374)/(-10) - 12/(-20)?
8
Let p = 4 + -4. Let k = p + 2. What is the units digit of k?
2
Suppose o + 13 = -4*t, t + 2 = -2. Suppose d - o = -0*d. Let r = -1 + d. What is the units digit of r?
2
Let l = -47 + 76. What is the tens digit of l?
2
Let r = 123 + 28. What is the tens digit of r?
5
Let t be 3/9*(-3 - 0). Let r(y) = -y. What is the units digit of r(t)?
1
Let g(b) = -b**2 - 6*b. Let v be g(-5). Let j be (28/20 - 1)*10. Suppose 0 = j*o + 5*c + 2, c - 14 = -v*o + 3*c. What is the units digit of o?
2
Suppose -288 = -0*m - 2*m. What is the tens digit of m?
4
Suppose -4*z - 133 = -377. What is the tens digit of z?
6
Suppose -x + 1 = 2. Let o be x*0/((-4)/(-2)). Suppose p = 3*g + 28, o*p - 36 = -2*p + g. What is the tens digit of p?
1
Let j(l) = l**2 - 5*l + 3. Let a be j(4). Let g(q) = q + 87 - 13*q - 86. What is the units digit of g(a)?
3
Let h(t) = 2*t**2 + 12*t - 6. What is the units digit of h(-9)?
8
What is the tens digit of (-6)/(36/50)*-3?
2
Let q(v) = 5*v - 3. Let s be q(-2). Let g = s - -44. What is the units digit of g?
1
Suppose 339 = 5*y + 4. What is the tens digit of y?
6
Let q = 11 - 6. Suppose 41 = 4*t - 5*k, -q*t = -4*t + 2*k - 20. What is the tens digit of t?
1
Let w be (5 + 0)*(0 + 1). Suppose 3*l = -3*t, -5*t + 0 = w. What is the units digit of (6/10 - l)*-25?
0
Let x(b) = -b**3 + b**2 - b. Let u be x(0). Let f be 13 - (u - -2)/(-1). What is the units digit of (54/f)/(4/10)?
9
Let d = 339 - 146. What is the tens digit of d?
9
Let h = 42 + -24. Suppose -4*v + 6 + h = 0. What is the units digit of v?
6
Suppose -2*n - 7*x + 225 = -2*x, n = -2*x + 115. What is the hundreds digit of n?
1
Suppose -2*p = -0*p. What is the tens digit of (-6 - -3 - p) + 22?
1
Let k = -42 - -165. What is the hundreds digit of k?
1
Let m be 3/(-15) - 153/(-15). Suppose -4*w + 34 = m. What is the units digit of w?
6
Suppose 5*x + 21 = -4, -3 = -2*u - 3*x. Let f(s) = s**2 - 8*s + 9. What is the tens digit of f(u)?
1
Let o(g) = 2*g - 6. Let f(z) = -z**2 - 6*z - 4. Let u be f(-4). Let m be o(u). What is the units digit of m + (-1 - (2 + -3))?
2
Let g(b) be the third derivative of b**4/24 - b**3/2 - b**2. What is the units digit of g(5)?
2
What is the units digit of 41/6 + 1/6 + 0?
7
Suppose -4*o + o = -3. Let r(i) = -6*i**3 - i**2 + 1. Let w be r(o). Let y = 14 + w. What is the units digit of y?
8
Suppose h = -h - 8. Let f = h + 7. Suppose -s + f*s - 5*y + 8 = 0, s - 18 = -3*y. What is the units digit of s?
6
Let b = 6 - 17. Let m = -7 - b. What is the units digit of m?
4
Let b(y) = -y**2 - 15*y + 27. What is the tens digit of b(-8)?
8
Let m(j) = j**3 - 8*j**2 + j - 8. Let a be m(8). Suppose -3*i = v - 2, -4*i = -a*i. What is the units digit of v?
2
Suppose -4*v + 3*v - 10 = 0. Let y = -5 - v. What is the units digit of 6/(-2 + y)*1?
2
Let u = -10 - -121. What is the hundreds digit of u?
1
Let x(a) = -a + 0*a + 6 + 1. Let k be x(7). What is the units digit of 2 + 4 + (-1 - k)?
5
Suppose q + 261 = 5*i, -3*q - 226 = -4*i - 15. What is the units digit of i?
2
Suppose -4*c + 130 = c. Suppose -4*l + c = -30. What is the tens digit of l?
1
What is the tens digit of (6/(-15))/(2/(-155))?
3
Let s be (15/(-9))/((-1)/(-33)). Let y = s - -78. Suppose 3*d - y = -5. What is the units digit of d?
6
Let c(n) = n**3 - n**2 - n + 3. Let u = 2 + -1. Let p = -1 + u. What is the units digit of c(p)?
3
Let m be (-6)/(-2) + 1/1. Suppose m*i + 0*i - 2*y + 16 = 0, 3*i + 3*y = -3. What is the units digit of -1*4/i*9?
2
Let z be 6 + -3 - 3 - -13. Let y = z + -6. What is the units digit of y?
7
Let y(h) = h**2 + 2*h - 6. Let m be y(5). Let z = -20 + m. What is the units digit of 2/4 - z/(-2)?
5
Suppose 3*q + 55 = 5*c, -q + 19 = -c + 2*c. What is the units digit of c?
4
Let v = -10 - -14. Suppose v*l - 70 = -l. What is the units digit of l?
4
Let n(g) = 4*g - 13. Suppose 0 = 4*q + w - 61, 4*q = -3*w + 61 - 6. What is the tens digit of n(q)?
5
Let f(s) = -s**3 + 3*s**2 - s. Let u be f(3). Let c be (-14)/6 + u/(-9). Let k(o) = -3*o - 1. What is the units digit of k(c)?
5
Let n(l) = -l**3 + 2*l - 1. Let f be n(1). Suppose h + 2 = z, -4*h + z + 3 + 4 = f. What is the units digit of h?
3
Let y(n) = -n**3 - 2*n**2 - n - 8. Let l(c) = c**3 + 3*c**2 + c + 9. Let s(j) = -3*l(j) - 4*y(j). Let f be s(0). What is the units digit of (-2)/f - (-14)/10?
1
Let y(g) = -g**3 - 5*g**2 + 8*g + 3. What is the tens digit of y(-7)?
4
Let i = 112 - 75. Let s = -1 + i. What is the tens digit of s?
3
Let r(g) = g - 1. Let o be r(3). Suppose 5*p - o*n - 5 = 0, 3*p - 2*n + 4 = p. Suppose p*d = 5*y + 36, -d + 3*d - y - 17 = 0. What is the units digit of d?
7
What is the hundreds digit of (2192/24)/(1/9*2)?
4
Suppose 3*h = -h + 28. Suppose -2*j + 2*g = -6, -3*j + h = -2*j - 3*g. Suppose 0 = s + j - 2. What is the units digit of s?
1
Let x = -17 + 28. What is the units digit of x?
1
Let i = 11 + -6. Suppose 0 = 2*j + 4*f - 18, -f + 10 = 4*j - i. Suppose -2*u - 2*u = -3*p + 31, -20 = -2*p + j*u. What is the tens digit of p?
1
Suppose -p - 590 - 585 = -3*z, 5*z + 2*p = 1973. What is the units digit of z?
3
Suppose 12*m = 15*m - 654. What is the hundreds digit of m?
2
Suppose 2*c + 0*c = -2*d + 70, -5*c + 3*d = -215. What is the units digit of c?
0
Suppose 537 = -35*h + 38*h. What is the tens digit of h?
7
Let a(k) = -k**3 + 8*k**2 + 11*k - 10. Let w = -45 + 78. Suppose -4*l = -w - 3. What is the units digit of a(l)?
8
Let n(s) = 3*s - 2. Let a be n(2). Suppose 0 = -3*l + a*v - 12, -4 = -l - v - 1. Suppose -3*i = -2*i + 2*y - 8, l = y - 3. What is the units digit of i?
2
Suppose -6*u - 76 = -8*u. What is the units digit of u?
8
Let b be (-610)/(-9) + 2/9. Suppose 3*o + 1 = -4*a + b, 3*o - 51 = -3*a. Suppose -3*n + n = -a. What is the units digit of n?
8
Let g = -32 - -48. What is the tens digit of g?
1
Let d be ((-3)/(-1))/(1/1). Let f be -1*1 - (-2)/2. Suppose d*g - 12 = -f*g. What is the units digit of g?
4
Let s(t) = -t**2 - 15*t - 14. Let v be s(-14). Suppose v = 2*w - 0*w - 48. What is the units digit of w?
4
Suppose 26 = -4*l - 18. Let r = -8 - l. Suppose -r*p = 2*p - 65. What is the units digit of p?
3
Suppose 85 = a + 2*n, 407 = 3*a + 2*a + n. What is the units digit of a?
1
Let m(z) = -1 - 4*z + 11*z + 3. Let w be m(2). Suppose 3*n = -n + w. What is the units digit of n?
4
Let s = 98 + -63. What is the tens digit of s?
3
Suppose -2*n = -0*n. Let p = n + 4. What is the units digit of p?
4
Suppose 4 = c + 1. Suppose c*y - 28 = -1. Suppose 3*p = 2*n + 1, 4*n - y - 13 = -2*p. What is the units digit of n?
4
Suppose -3*b + 2*b - 32 = 0. Let q = -22 - b. What is the units digit of q?
0
Suppose -5*r + 45 = -150. What is the units digit of r?
9
Suppose -148 + 8 = -2*f. What is the units digit of f?
0
Let p(g) be the second derivative of 2*g**4/3 + g**3/6 - g**2/2 - 2*g. Let c be (2 - (1 - -